{"version":"1.0","provider_name":"Mindig a f\u00e9nybe n\u00e9zz","provider_url":"https:\/\/mindigafenybenezz.cafeblog.hu","author_name":"H. Eszti","author_url":"https:\/\/mindigafenybenezz.cafeblog.hu\/author\/h_eszti\/","title":"Rajzp\u00e1ly\u00e1zat","html":"<p>Id\u0151nk\u00e9nt n\u00e9zegetni szoktam a p\u00e1ly\u00e1zati felh\u00edv\u00e1sokat, h\u00e1tha tal\u00e1lok valami \u00e9rdekeset. Novemberben tal\u00e1ltam egy figyelemfelkelt\u0151, sz\u00e1munkra nagyon is aktu\u00e1lis felh\u00edv\u00e1st, melyet gyerekek sz\u00e1m\u00e1ra hirdettek meg. A t\u00e9m\u00e1ja, hogy egy eg\u00e9szs\u00e9ges gyerek hogy mutatja be a betegs\u00e9get, a gy\u00f3gyul\u00e1sra f\u00f3kusz\u00e1lva. Azokat a rajzokat amelyeket j\u00f3nak \u00edt\u00e9lnek ki\u00e1ll\u00edtj\u00e1k a k\u00fcl\u00f6nb\u00f6z\u0151 gyerekk\u00f3rh\u00e1zakban.\u00a0\u00a0Megk\u00e9rdeztem az \u00e9n Man\u00f3k\u00e1mat, akit eddig csak tes\u00f3k\u00e9nt emlegettem, hogy lenne-e kedve egy ilyen t\u00e9m\u00e1j\u00fa rajz elk\u00e9sz\u00edt\u00e9s\u00e9hez. Persze motiv\u00e1l\u00e1sk\u00e9nt nyerem\u00e9ny is volt a p\u00e1ly\u00e1zat ki\u00edr\u00e1sban, sz\u00f3val hamarosan elk\u00e9sz\u00fclt a rajz, ami engem, mint \u00e9rinett sz\u00fcl\u0151t nagyon meghatott. K\u00e9t r\u00e9sze van a rajznak. Az els\u0151 rajzon az a jelenet l\u00e1that\u00f3 amikor Bog\u00e1rka megbetegedett, \u00e9s \u00e9pp lumb\u00e1lj\u00e1k, \u00e9n pedig ott vagyok k\u00f6zben vele, \u00e9s s\u00edrok, mert nagyon szomor\u00fa vagyok. Ezen a k\u00e9pen nincs haja a kis T\u00fcnd\u00e9rk\u00e9nknek. A rajz m\u00e1sik fel\u00e9n pedig m\u00e1r <strong><span style=\"color: #ff0000\">H\u0151sk\u00e9nt<\/span><\/strong><span style=\"color: #ff0000\"><span style=\"color: #333333\"> \u00e1br\u00e1zolja a h\u00fag\u00e1t, akinek k\u00f6zben megn\u0151tt a haja, \u00e9s legy\u0151zte a betegs\u00e9get. Mikor v\u00e9gzett a rajzzal megk\u00e9rdezte, hogy mikor is betegedett meg a hugi, \u00e9s mikor fogj\u00e1k gy\u00f3gyultt\u00e1 nyilv\u00e1n\u00edtani, majd a k\u00e9t d\u00e1tum is a rajzra ker\u00fclt. <\/span><\/span><\/p>\r\n<p><img class=\"alignnone size-large wp-image-691\" src=\"https:\/\/mindigafenybenezz.cafeblog.hu\/files\/2017\/02\/20161130_203741-600x360.jpg\" alt=\"\" width=\"600\" height=\"360\" \/><\/p>\r\n<p><span style=\"color: #ff0000\"><span style=\"color: #333333\">Persze meg\u00f6r\u00f6k\u00edtettem a rajzot, miel\u0151tt elk\u00fcldtem, \u00e9s mivel eltelt az\u00f3ta j\u00f3 p\u00e1r h\u00e9t, azt hittem, hogy csak az \u00e9n elfogult anyai sz\u00edvemnek tetszett a remekm\u0171, ma levelet hozott a post\u00e1s az \u00e9n dr\u00e1ga kisfiamnak, melyben egy oklevelet tal\u00e1ltunk, miszerint a p\u00e1ly\u00e1zaton val\u00f3 r\u00e9szv\u00e9tel\u00e9rt tiszteletbeli boh\u00f3c doktor lett. Persze \u00f6r\u00f6m\u00e9ben majd kiugrott a b\u0151r\u00e9b\u0151l, \u00e9s r\u00f6gt\u00f6n el\u00fajs\u00e1golta a nagy h\u00edrt a mam\u00e1\u00e9knak.<\/span><\/span><\/p>\r\n<p><img class=\"alignnone size-large wp-image-695\" src=\"https:\/\/mindigafenybenezz.cafeblog.hu\/files\/2017\/02\/20170210_123509-e1486841869535-360x600.jpg\" alt=\"\" width=\"360\" height=\"600\" \/><\/p>\r\n<p>Legal\u00e1bb most m\u00e1r van egy doktor is a csal\u00e1dban! :-)<\/p>\r\n<p>&nbsp;<\/p>","type":"rich"}

Mindig a fénybe nézz

Rajzpályázat

<p>Időnként nézegetni szoktam a pályázati felhívásokat, hátha találok valami érdekeset. Novemberben találtam egy figyelemfelkeltő, számunkra nagyon is aktuális felhívást, melyet gyerekek számára hirdettek meg. A témája, hogy egy egészséges gyerek hogy mutatja be a betegséget, a gyógyulásra fókuszálva. Azokat a rajzokat amelyeket jónak ítélnek kiállítják a különböző gyerekkórházakban.  Megkérdeztem az én Manókámat, akit eddig csak tesóként emlegettem, hogy lenne-e kedve egy ilyen témájú rajz elkészítéséhez. Persze motiválásként nyeremény is volt a pályázat kiírásban, szóval hamarosan elkészült a rajz, ami engem, mint érinett szülőt nagyon meghatott. Két része van a rajznak. Az első rajzon az a jelenet látható amikor Bogárka megbetegedett, és épp lumbálják, én pedig ott vagyok közben vele, és sírok, mert nagyon szomorú vagyok. Ezen a képen nincs haja a kis Tündérkénknek. A rajz másik felén pedig már <strong><span style="color: #ff0000">Hősként</span></strong><span style="color: #ff0000"><span style="color: #333333"> ábrázolja a húgát, akinek közben megnőtt a haja, és legyőzte a betegséget. Mikor végzett a rajzzal megkérdezte, hogy mikor is betegedett meg a hugi, és mikor fogják gyógyulttá nyilvánítani, majd a két dátum is a rajzra került. </span></span></p>
<p><img class="alignnone size-large wp-image-691" src="https://mindigafenybenezz.cafeblog.hu/files/2017/02/20161130_203741-600x360.jpg" alt="" width="600" height="360" /></p>
<p><span style="color: #ff0000"><span style="color: #333333">Persze megörökítettem a rajzot, mielőtt elküldtem, és mivel eltelt azóta jó pár hét, azt hittem, hogy csak az én elfogult anyai szívemnek tetszett a remekmű, ma levelet hozott a postás az én drága kisfiamnak, melyben egy oklevelet találtunk, miszerint a pályázaton való részvételért tiszteletbeli bohóc doktor lett. Persze örömében majd kiugrott a bőréből, és rögtön elújságolta a nagy hírt a mamáéknak.</span></span></p>
<p><img class="alignnone size-large wp-image-695" src="https://mindigafenybenezz.cafeblog.hu/files/2017/02/20170210_123509-e1486841869535-360x600.jpg" alt="" width="360" height="600" /></p>
<p>Legalább most már van egy doktor is a családban! :-)</p>
<p>&nbsp;</p>
